c + 190 = -2*d, c + 2*d - 43 = 7*d. Suppose 0 = h - 0*h - c. What are the prime factors of h?
2, 3
Let a = -1360 - -526. Let x = -582 - a. List the prime factors of x.
2, 3, 7
Let l = -251 + 266. List the prime factors of -5*3*18/l*-28.
2, 3, 7
List the prime factors of 2316/17370 + (-2)/((-60)/436526).
14551
Let r = 12249 + -7626. List the prime factors of r.
3, 23, 67
Suppose 6*b = 2*b + 4*r + 696, -5*b + 872 = -4*r. Let q be b/6 - (-8)/12. What are the prime factors of (0 - -1)*-2*q/(-12)?
5
Let p(i) = i**3 - 22*i**2 - 8*i - 8. Let h be p(22). What are the prime factors of h/(-3)*1482/152?
2, 13, 23
Let c = 3352 + 1420. List the prime factors of c.
2, 1193
Let o(m) = -25*m - 17. Let c(d) = -38*d - 25. Let a(x) = 5*c(x) - 7*o(x). Let j be (-1 + -2 + -4)/(-1)*-1. List the prime factors of a(j).
3, 11
Let u(t) = 190*t**2 + 316*t + 17. What are the prime factors of u(9)?
18251
Let u(g) = 6*g + 95. Let r be u(-18). Let z = r + 26. What are the prime factors of z?
13
Let b = 107 + -27. Let m = b + -80. Suppose w - 31 - 90 = m. List the prime factors of w.
11
Suppose 516 + 568 = 271*k. Let m = -27 - -60. Suppose v = k*n - m, n + 5*v - 4 = v. What are the prime factors of n?
2
Suppose -4*a - 4*t = 36, -16 = 2*a - 3*t + 7. Let u(j) = -3*j + 5. Let o be u(a). List the prime factors of (-24)/(-10)*(o + -20).
2, 3
Let b(a) = 2*a**2 + 19*a + 14644. What are the prime factors of b(0)?
2, 7, 523
Suppose -3*v + 4*o = o - 24, 0 = -4*v + 2*o + 34. What are the prime factors of (-3 + v)*3 - -4?
2, 11
Let p be (-22 - -21) + ((-1)/(-1) - 1760). Let n = p + 3015. What are the prime factors of n?
5, 251
Let u = 7 - 7. Let b be (-214*2)/(-4) - -4. Suppose u = o + 2*o - b. List the prime factors of o.
37
Suppose -5*q + 35 = -5*s, s + 1 = -2. Suppose u = 37 - q. List the prime factors of u.
3, 11
Suppose 0*x - 5*h - 24 = -2*x, 3*h = 3*x - 18. Suppose -q - 22 = -x*q + f, 3*f - 90 = -3*q. What are the prime factors of q?
2, 13
Let t = -102 - -166. Let z(d) = d**3 - 3*d**2 - 3*d + 3. Let k be z(1). What are the prime factors of t - (-3 - 0 - k)?
5, 13
Let o = -1202 + 2079. Let j = 423 + o. List the prime factors of j.
2, 5, 13
Let a be 0 + 218 + 5 + (-1 - -1). Suppose p + 2*s = -3*s - 115, -3*s = 2*p + a. What are the prime factors of ((-35)/25)/(2/p)?
7, 11
Let c = 122 + -206. Let f = -50 - c. Suppose -3*l - 31 = -4*l + 4*h, l - 3*h = f. List the prime factors of l.
43
Suppose -5*p = -4*k + 28837, 25180 + 10810 = 5*k + 5*p. What are the prime factors of k?
3, 7
Suppose -3*f - 34 = -u - 35, -3*u + 4*f = 13. What are the prime factors of u + 11 + (-3)/(6/(-86))?
47
Let m be (2 - 1813) + 90/18. Let q = -767 - m. List the prime factors of q.
1039
Suppose 0 = -100*z + 90*z + 257800. What are the prime factors of z?
2, 5, 1289
Let m(t) = -19*t + 8. Let v(k) = 6*k - 3. Let b(a) = -6*m(a) - 17*v(a). Let o be b(-2). List the prime factors of (-4)/(-14) - (2325/o - 0).
3, 37
Let v be 3 - 3*(-2)/6. Suppose 4*p - 620 = 2*q, 2*p + 772 = 7*p - q. Suppose p + 38 = v*c. What are the prime factors of c?
2, 3
Let l(d) = -2*d**3 + 13*d + 17 + 16*d**2 - 2*d**3 + 3*d**3. Let h be l(17). Let p = -21 - h. List the prime factors of p.
2, 3, 5
Let w(k) = 9*k**2 + 15*k + 4. Let r be ((-6)/(-10))/((-2)/(-10) + 0). What are the prime factors of w(r)?
2, 5, 13
Suppose -4*z - 16 = -0*z - 2*q, 0 = -2*q + 4. What are the prime factors of z + -1 + (2 + -5 - -118)?
3, 37
Suppose 14*d = -2077 + 112740 + 67305. What are the prime factors of d?
2, 7, 227
Let u(f) = 3*f**2 + 92*f + 680. What are the prime factors of u(-57)?
71, 73
Let d(m) = -5*m + 12 + 15 + 0 + 15. What are the prime factors of d(-33)?
3, 23
Let w = -100 - -114. Suppose w*x - 3140 = 234. List the prime factors of x.
241
Let j(c) = -c**3 - 3*c**2 + 17. Let o be j(0). Suppose 2*x - 168 = -0*x + 2*f, 5*f + 340 = 4*x. Let n = x - o. List the prime factors of n.
3, 7
Suppose 73*t - 433157 = -46*t + 40*t. What are the prime factors of t?
5483
Suppose -3*g + 5*g = 44. Let u(x) = 2*x - 5*x**2 + 9*x**2 + 8*x**2 - g + 20. List the prime factors of u(1).
2, 3
Let k be 3 - ((-4)/16)/(1/(-4)). Let b(s) = s**k + 27 - 3*s**2 + s**2 - 3*s + 5*s**2. What are the prime factors of b(7)?
2, 101
Let p(a) = -6554*a - 7839. List the prime factors of p(-7).
38039
Let z = -1782 + 302. Let v = z + 2078. What are the prime factors of v?
2, 13, 23
Suppose -1549 = -4*c - 513. Let f = 486 - c. List the prime factors of f.
227
Let b(f) = -68*f + 82. Let t be b(-11). Let k = t - -300. List the prime factors of k.
2, 5, 113
List the prime factors of (-30023532)/(-726) + (-6)/(-22).
3, 5, 919
Let z = 4903 + -1204. What are the prime factors of z?
3, 137
Let i = 13523 - 3771. List the prime factors of i.
2, 23, 53
Let s(p) = p**2 + 16*p - 10. Let o be s(-22). Suppose -q = 30 - o. What are the prime factors of q?
2, 23
Suppose 5*q = 3*q + 10. Suppose z - x - 2 = 1, -q*x - 13 = -3*z. List the prime factors of (-186)/(-3) + (-4 + 4)*z.
2, 31
Suppose -4856 - 4899 = -5*j. What are the prime factors of j?
1951
Let o = 6668 - -1247. What are the prime factors of o?
5, 1583
Suppose -174*x - 1355 = -179*x. What are the prime factors of 0 + x/(6/6)?
271
Let p(t) = 906*t**3 + 16*t**2 + 34*t - 91. What are the prime factors of p(3)?
103, 239
Let k be (2/(-6))/((-150)/144 + 1). Let a(o) = 8*o**2 - 8*o + 6. List the prime factors of a(k).
2, 227
Let m(d) = 72*d**2 - 3*d + 18. Let x(a) = 2*a**2 - 61*a + 84. Let c be x(29). What are the prime factors of m(c)?
3, 5
Suppose -3*t = -3*h - 42354, 4*h - 42312 = -742*t + 739*t. List the prime factors of t.
2, 3, 7
Let u(j) = j**3 - 6*j**2 + 5*j - 3. Let g be u(4). Let h = g + 25. List the prime factors of 2/10 - (-838)/h.
2, 3, 7
Let m(i) = -i**3 + 8*i**2 + 11*i + 16. Let d(w) = -2*w - 13. Let p be d(-8). Let x be p*4*9/12. List the prime factors of m(x).
2, 17
Suppose 0 = -2*y, -15 = -3*g + y - 4*y. Let q = 43 + -26. Suppose p - q = 4*x, -g*p - 3*x = 2*x - 185. List the prime factors of p.
3, 11
Let h(z) = -z**2 + 11*z + 14. Let t(r) = -r**2 - 1. Let n(m) = h(m) - 2*t(m). Let s be n(-10). List the prime factors of 30 + s + (-2 - 1).
3, 11
What are the prime factors of (2 + -2)*(-32)/(-128) - -6655?
5, 11
Suppose -6*w = -11*w + 1610. Suppose -463 = 5*l + w. Let s = l - -254. List the prime factors of s.
97
Let q be 906*1/26 + (-4)/(-26). Suppose 0 = 5*t - 5*d - q, -2*d - 6 = -0*d. Suppose t = -n, i - 4*n + 5*n - 117 = 0. List the prime factors of i.
11
Suppose -44 = 8*v - 332. Suppose -247 = 17*n - v*n. List the prime factors of n.
13
Let k be (1 + -4)*(-185 + (5 - 17)). Suppose k = m - 723. What are the prime factors of m?
2, 3, 73
List the prime factors of 20955*(-1 + (-52)/(-39)).
5, 11, 127
Suppose 28*d = 54892 + 100676. List the prime factors of d.
2, 3, 463
Let s(u) = -u + 24. Let d be s(4). Suppose 5493 = d*i - 2127. What are the prime factors of i?
3, 127
Let v be (9/(-4))/(3 + 12285/(-4088)). Suppose -29298 = -28*o + v. List the prime factors of o.
2, 3, 59
Let v = 777 - 2138. Let w = 2698 + v. What are the prime factors of w?
7, 191
Let p be 3*2/(-6)*-20. Let u be (3 + (-56)/16)/((-2)/p). Suppose -5*c + 740 = -u*d, 0 = 8*c - 4*c - 2*d - 584. List the prime factors of c.
2, 3
What are the prime factors of (-38706)/(-4) + 237/158?
2, 3, 1613
Let v(b) = -1063*b - 4067. What are the prime factors of v(-16)?
12941
Let v(a) = 0*a - 5*a + 21*a**2 + 7*a + a - 6. Let z be v(-4). Suppose 2*g = -2*p + z, 2*g - 4*g = -2*p + 298. List the prime factors of p.
2, 7, 11
Let i(y) = -7*y + 129. Let t = -335 + 306. What are the prime factors of i(t)?
2, 83
Suppose -989 - 4 = -5*n + 2*b, 5*n + 4*b = 969. Suppose n*o - 370 = 196*o. What are the prime factors of o?
2, 5, 37
Suppose 4*x + 0 - 15 = -h, -5*x + 21 = -h. Let i be 408/x + 5 + 1. Suppose -i + 592 = 4*o. What are the prime factors of o?
11
Let a = -160 + 144. Let c(z) = -z**3 - 15*z**2 + 10*z + 15. What are the prime factors of c(a)?
3, 37
Suppose -4*h = -3*w + 6, -2*h + 0 = 3*w - 6. Suppose -6*s + 5*s - w = -v, -5*v + 13 = -2*s. Suppose v*j - 2 = 4. List the prime factors of j.
2
Let t be -3057*(1 - (-20)/(-15)). Suppose 5*f = -124 + t. List the prime factors of f.
179
Let k = 439 + -261. Suppose 3*m - 61 = -k. Let s = m - -126. List the prime factors of s.
3, 29
Suppose 5*y = 4*q + 3, -2*q